{"id":14,"date":"2023-04-10T11:33:10","date_gmt":"2023-04-10T11:33:10","guid":{"rendered":"https:\/\/kolvenbach-wiki.de\/?page_id=14"},"modified":"2025-10-31T12:09:53","modified_gmt":"2025-10-31T12:09:53","slug":"ueber-mich","status":"publish","type":"page","link":"https:\/\/kolvenbach-wiki.de\/?page_id=14","title":{"rendered":"\u00dcber mich"},"content":{"rendered":"\n<h2 class=\"wp-block-heading\">Woher?<\/h2>\n\n\n\n<p>Ich bin urspr\u00fcnglich aufgewachsen im sch\u00f6nen Windecker L\u00e4ndchen und lebe aktuell in Lohmar (zwischen Bonn und K\u00f6ln).<\/p>\n\n\n\n<h2 class=\"wp-block-heading\">Familie?<\/h2>\n\n\n\n<p>Selbst Baujahr &#8217;85. Seit 2014 verheiratet und inzwischen Vater von zwei wundervollen S\u00f6hnen.<\/p>\n\n\n\n<h2 class=\"wp-block-heading\">Beruf?<\/h2>\n\n\n\n<p>Gelernter Elektro-Installateur, sp\u00e4ter als Energieanlagen-Elektroniker gearbeitet. Dann in die Elektro-Konstruktion gewechselt und seit Januar 2020 &#8222;Staatlich gepr\u00fcfter Techniker Elektrotechnik&#8220;, den ich in 4 Jahren Abendschule gemacht habe. Aktuell leite ich die Elektro-Konstruktions-Abteilung eines Intralogistik-Spezialisten f\u00fcr vollautomatische Palettenf\u00f6rdertechnik und Hochregall\u00e4ger aus der n\u00e4he von K\u00f6ln.<\/p>\n\n\n\n<h2 class=\"wp-block-heading\">Hobbys?<\/h2>\n\n\n\n<h3 class=\"wp-block-heading\">Musik<\/h3>\n\n\n\n<p>Seit der Kindheit bis in die sp\u00e4te Jugend-Zeit Schlagzeug gespielt. Sp\u00e4ter dann klassisches DJing mit Plattenspielern gelernt und auch einige Jahre lang \u00f6ffentliche Auftritte gehabt. Vor einigen Jahren dann intensiver ins Thema Musik-Produktion eingearbeitet und dabei die Basics des Keyboard-Spielens gelernt. Vor einigen Jahren dann angefangen Gitarre zu lernen.<\/p>\n\n\n\n<h3 class=\"wp-block-heading\">Paintball<\/h3>\n\n\n\n<p>3 Jahre Tunier-Paintball in der DPL (Deutsche Paintball Liga) gespielt bei den &#8222;Old Dirty Bastards Cologne&#8220;. Dabei 2016 in der Landesliga und 2017 in der Verbandsliga angetreten.<\/p>\n","protected":false},"excerpt":{"rendered":"<p>Woher? Ich bin urspr\u00fcnglich aufgewachsen im sch\u00f6nen Windecker L\u00e4ndchen und lebe aktuell in Lohmar (zwischen Bonn und K\u00f6ln). Familie? Selbst Baujahr &#8217;85. Seit 2014 verheiratet und inzwischen Vater von zwei wundervollen S\u00f6hnen. Beruf? Gelernter Elektro-Installateur, sp\u00e4ter als Energieanlagen-Elektroniker gearbeitet. Dann in die Elektro-Konstruktion gewechselt und seit Januar 2020 &#8222;Staatlich gepr\u00fcfter Techniker Elektrotechnik&#8220;, den ich in [&hellip;]<\/p>\n","protected":false},"author":1,"featured_media":0,"parent":0,"menu_order":0,"comment_status":"closed","ping_status":"closed","template":"","meta":{"footnotes":""},"class_list":["post-14","page","type-page","status-publish","hentry"],"_links":{"self":[{"href":"https:\/\/kolvenbach-wiki.de\/index.php?rest_route=\/wp\/v2\/pages\/14","targetHints":{"allow":["GET"]}}],"collection":[{"href":"https:\/\/kolvenbach-wiki.de\/index.php?rest_route=\/wp\/v2\/pages"}],"about":[{"href":"https:\/\/kolvenbach-wiki.de\/index.php?rest_route=\/wp\/v2\/types\/page"}],"author":[{"embeddable":true,"href":"https:\/\/kolvenbach-wiki.de\/index.php?rest_route=\/wp\/v2\/users\/1"}],"replies":[{"embeddable":true,"href":"https:\/\/kolvenbach-wiki.de\/index.php?rest_route=%2Fwp%2Fv2%2Fcomments&post=14"}],"version-history":[{"count":2,"href":"https:\/\/kolvenbach-wiki.de\/index.php?rest_route=\/wp\/v2\/pages\/14\/revisions"}],"predecessor-version":[{"id":97,"href":"https:\/\/kolvenbach-wiki.de\/index.php?rest_route=\/wp\/v2\/pages\/14\/revisions\/97"}],"wp:attachment":[{"href":"https:\/\/kolvenbach-wiki.de\/index.php?rest_route=%2Fwp%2Fv2%2Fmedia&parent=14"}],"curies":[{"name":"wp","href":"https:\/\/api.w.org\/{rel}","templated":true}]}}